{"id":776,"date":"2023-06-22T18:25:59","date_gmt":"2023-06-22T16:25:59","guid":{"rendered":"https:\/\/struktura-ing.com\/?page_id=776"},"modified":"2023-06-23T16:37:36","modified_gmt":"2023-06-23T14:37:36","slug":"etude-structure-batiments-industriels","status":"publish","type":"page","link":"https:\/\/struktura-ing.com\/?page_id=776","title":{"rendered":"\u00c9tude structure b\u00e2timents industriels"},"content":{"rendered":"\t\t<div data-elementor-type=\"wp-page\" data-elementor-id=\"776\" class=\"elementor elementor-776\">\n\t\t\t\t\t\t<section class=\"elementor-section elementor-top-section elementor-element elementor-element-fc66316 elementor-section-boxed elementor-section-height-default elementor-section-height-default\" data-id=\"fc66316\" data-element_type=\"section\" data-e-type=\"section\" data-settings=\"{&quot;background_background&quot;:&quot;classic&quot;}\">\n\t\t\t\t\t\t<div class=\"elementor-container elementor-column-gap-default\">\n\t\t\t\t\t<div class=\"elementor-column elementor-col-100 elementor-top-column elementor-element elementor-element-4f0644ee\" data-id=\"4f0644ee\" data-element_type=\"column\" data-e-type=\"column\" data-settings=\"{&quot;background_background&quot;:&quot;classic&quot;}\">\n\t\t\t<div class=\"elementor-widget-wrap elementor-element-populated\">\n\t\t\t\t\t\t<div class=\"elementor-element elementor-element-16e872e elementor-widget elementor-widget-heading\" data-id=\"16e872e\" data-element_type=\"widget\" data-e-type=\"widget\" data-widget_type=\"heading.default\">\n\t\t\t\t<div class=\"elementor-widget-container\">\n\t\t\t\t\t<h2 class=\"elementor-heading-title elementor-size-default\">\u00c9TUDE STRUCTURE B\u00c2TIMENTS INDUSTRIELS<\/h2>\t\t\t\t<\/div>\n\t\t\t\t<\/div>\n\t\t\t\t<div class=\"elementor-element elementor-element-50e039da elementor-widget elementor-widget-text-editor\" data-id=\"50e039da\" data-element_type=\"widget\" data-e-type=\"widget\" data-widget_type=\"text-editor.default\">\n\t\t\t\t<div class=\"elementor-widget-container\">\n\t\t\t\t\t\t\t\t\t<p>\u00a0<\/p><p style=\"font-size: 15px; font-style: normal; font-weight: 400; color: #6b6b6b; font-family: Roboto, sans-serif;\"><span style=\"color: #000000;\">Struktura r\u00e9alise les \u00e9tudes d\u2019infrastructure sur les b\u00e2timents industriels de stockage et d\u2019activit\u00e9. Nous travaillons en partenariat avec des bureaux d\u2019\u00e9tude bois et m\u00e9tal afin de r\u00e9pondre \u00e0 une offre globale.<\/span><\/p><h6 style=\"font-style: normal; margin-bottom: 0px;\">\u00c0 partir de l\u2019implantation des platines de charpente et de la descente de charge, nous r\u00e9alisons le plan de coffrage et le dimensionnement des \u00e9l\u00e9ments (massif, longrine, mur coupe-feu et dallage).<\/h6>\t\t\t\t\t\t\t\t<\/div>\n\t\t\t\t<\/div>\n\t\t\t\t<section class=\"elementor-section elementor-inner-section elementor-element elementor-element-42fcbcd3 elementor-section-full_width elementor-section-height-default elementor-section-height-default\" data-id=\"42fcbcd3\" data-element_type=\"section\" data-e-type=\"section\">\n\t\t\t\t\t\t<div class=\"elementor-container elementor-column-gap-default\">\n\t\t\t\t\t<div class=\"elementor-column elementor-col-50 elementor-inner-column elementor-element elementor-element-4b60bcd4\" data-id=\"4b60bcd4\" data-element_type=\"column\" data-e-type=\"column\">\n\t\t\t<div class=\"elementor-widget-wrap elementor-element-populated\">\n\t\t\t\t\t\t<div class=\"elementor-element elementor-element-4bc5cf66 elementor-invisible elementor-widget elementor-widget-image\" data-id=\"4bc5cf66\" data-element_type=\"widget\" data-e-type=\"widget\" data-settings=\"{&quot;_animation&quot;:&quot;fadeInRight&quot;}\" data-widget_type=\"image.default\">\n\t\t\t\t<div class=\"elementor-widget-container\">\n\t\t\t\t\t\t\t\t\t\t\t\t\t\t\t\t<a href=\"https:\/\/struktura-ing.com\/wp-content\/uploads\/2023\/06\/batindusFichier-11.png\" data-elementor-open-lightbox=\"yes\" data-elementor-lightbox-title=\"B\u00e2timent industriel\" data-elementor-lightbox-description=\"STRUKTURA Ing\u00e9rierie - bureau d&#039;\u00e9tude structure b\u00e9ton, la Chevroli\u00e8re 44 - photo de construction b\u00e2timent industriel\" data-e-action-hash=\"#elementor-action%3Aaction%3Dlightbox%26settings%3DeyJpZCI6Njg4LCJ1cmwiOiJodHRwczpcL1wvc3RydWt0dXJhLWluZy5jb21cL3dwLWNvbnRlbnRcL3VwbG9hZHNcLzIwMjNcLzA2XC9iYXRpbmR1c0ZpY2hpZXItMTEucG5nIn0%3D\">\n\t\t\t\t\t\t\t<img fetchpriority=\"high\" decoding=\"async\" width=\"1006\" height=\"754\" src=\"https:\/\/struktura-ing.com\/wp-content\/uploads\/2023\/06\/batindusFichier-11.png\" class=\"elementor-animation-grow attachment-large size-large wp-image-688\" alt=\"STRUKTURA Ing\u00e9rierie - bureau d&#039;\u00e9tude structure b\u00e9ton\" srcset=\"https:\/\/struktura-ing.com\/wp-content\/uploads\/2023\/06\/batindusFichier-11.png 1006w, https:\/\/struktura-ing.com\/wp-content\/uploads\/2023\/06\/batindusFichier-11-300x225.png 300w, https:\/\/struktura-ing.com\/wp-content\/uploads\/2023\/06\/batindusFichier-11-768x576.png 768w\" sizes=\"(max-width: 1006px) 100vw, 1006px\" \/>\t\t\t\t\t\t\t\t<\/a>\n\t\t\t\t\t\t\t\t\t\t\t\t\t\t\t<\/div>\n\t\t\t\t<\/div>\n\t\t\t\t\t<\/div>\n\t\t<\/div>\n\t\t\t\t<div class=\"elementor-column elementor-col-50 elementor-inner-column elementor-element elementor-element-24a47377\" data-id=\"24a47377\" data-element_type=\"column\" data-e-type=\"column\">\n\t\t\t<div class=\"elementor-widget-wrap elementor-element-populated\">\n\t\t\t\t\t\t<div class=\"elementor-element elementor-element-756f2940 elementor-invisible elementor-widget elementor-widget-image\" data-id=\"756f2940\" data-element_type=\"widget\" data-e-type=\"widget\" data-settings=\"{&quot;_animation&quot;:&quot;fadeInRight&quot;}\" data-widget_type=\"image.default\">\n\t\t\t\t<div class=\"elementor-widget-container\">\n\t\t\t\t\t\t\t\t\t\t\t\t\t\t\t\t<a href=\"https:\/\/struktura-ing.com\/wp-content\/uploads\/2023\/06\/batindusFichier-10.png\" data-elementor-open-lightbox=\"yes\" data-elementor-lightbox-title=\"B\u00e2timent industriel\" data-elementor-lightbox-description=\"STRUKTURA Ing\u00e9rierie - bureau d&#039;\u00e9tude structure b\u00e9ton, la Chevroli\u00e8re 44 - photo de construction b\u00e2timent industriel\" data-e-action-hash=\"#elementor-action%3Aaction%3Dlightbox%26settings%3DeyJpZCI6Njg5LCJ1cmwiOiJodHRwczpcL1wvc3RydWt0dXJhLWluZy5jb21cL3dwLWNvbnRlbnRcL3VwbG9hZHNcLzIwMjNcLzA2XC9iYXRpbmR1c0ZpY2hpZXItMTAucG5nIn0%3D\">\n\t\t\t\t\t\t\t<img decoding=\"async\" width=\"1008\" height=\"757\" src=\"https:\/\/struktura-ing.com\/wp-content\/uploads\/2023\/06\/batindusFichier-10.png\" class=\"elementor-animation-grow attachment-large size-large wp-image-689\" alt=\"STRUKTURA Ing\u00e9rierie - bureau d&#039;\u00e9tude structure b\u00e9ton\" srcset=\"https:\/\/struktura-ing.com\/wp-content\/uploads\/2023\/06\/batindusFichier-10.png 1008w, https:\/\/struktura-ing.com\/wp-content\/uploads\/2023\/06\/batindusFichier-10-300x225.png 300w, https:\/\/struktura-ing.com\/wp-content\/uploads\/2023\/06\/batindusFichier-10-768x577.png 768w\" sizes=\"(max-width: 1008px) 100vw, 1008px\" \/>\t\t\t\t\t\t\t\t<\/a>\n\t\t\t\t\t\t\t\t\t\t\t\t\t\t\t<\/div>\n\t\t\t\t<\/div>\n\t\t\t\t\t<\/div>\n\t\t<\/div>\n\t\t\t\t\t<\/div>\n\t\t<\/section>\n\t\t\t\t<section class=\"elementor-section elementor-inner-section elementor-element elementor-element-38fb4ba elementor-section-full_width elementor-section-height-default elementor-section-height-default\" data-id=\"38fb4ba\" data-element_type=\"section\" data-e-type=\"section\">\n\t\t\t\t\t\t<div class=\"elementor-container elementor-column-gap-default\">\n\t\t\t\t\t<div class=\"elementor-column elementor-col-50 elementor-inner-column elementor-element elementor-element-7b57480\" data-id=\"7b57480\" data-element_type=\"column\" data-e-type=\"column\">\n\t\t\t<div class=\"elementor-widget-wrap elementor-element-populated\">\n\t\t\t\t\t\t<div class=\"elementor-element elementor-element-ef32ff5 elementor-invisible elementor-widget elementor-widget-image\" data-id=\"ef32ff5\" data-element_type=\"widget\" data-e-type=\"widget\" data-settings=\"{&quot;_animation&quot;:&quot;fadeInRight&quot;}\" data-widget_type=\"image.default\">\n\t\t\t\t<div class=\"elementor-widget-container\">\n\t\t\t\t\t\t\t\t\t\t\t\t\t\t\t\t<a href=\"https:\/\/struktura-ing.com\/wp-content\/uploads\/2023\/06\/BatindusFichier-28.png\" data-elementor-open-lightbox=\"yes\" data-elementor-lightbox-title=\"STRUKTURA INGENIERIE - Etude structure b\u00e2timent industriel - stockage agricole\" data-e-action-hash=\"#elementor-action%3Aaction%3Dlightbox%26settings%3DeyJpZCI6ODcxLCJ1cmwiOiJodHRwczpcL1wvc3RydWt0dXJhLWluZy5jb21cL3dwLWNvbnRlbnRcL3VwbG9hZHNcLzIwMjNcLzA2XC9CYXRpbmR1c0ZpY2hpZXItMjgucG5nIn0%3D\">\n\t\t\t\t\t\t\t<img decoding=\"async\" width=\"1015\" height=\"762\" src=\"https:\/\/struktura-ing.com\/wp-content\/uploads\/2023\/06\/BatindusFichier-28.png\" class=\"elementor-animation-grow attachment-large size-large wp-image-871\" alt=\"STRUKTURA Ing\u00e9rierie - bureau d&#039;\u00e9tude structure b\u00e9ton\" srcset=\"https:\/\/struktura-ing.com\/wp-content\/uploads\/2023\/06\/BatindusFichier-28.png 1015w, https:\/\/struktura-ing.com\/wp-content\/uploads\/2023\/06\/BatindusFichier-28-300x225.png 300w, https:\/\/struktura-ing.com\/wp-content\/uploads\/2023\/06\/BatindusFichier-28-768x577.png 768w\" sizes=\"(max-width: 1015px) 100vw, 1015px\" \/>\t\t\t\t\t\t\t\t<\/a>\n\t\t\t\t\t\t\t\t\t\t\t\t\t\t\t<\/div>\n\t\t\t\t<\/div>\n\t\t\t\t\t<\/div>\n\t\t<\/div>\n\t\t\t\t<div class=\"elementor-column elementor-col-50 elementor-inner-column elementor-element elementor-element-14ac110\" data-id=\"14ac110\" data-element_type=\"column\" data-e-type=\"column\">\n\t\t\t<div class=\"elementor-widget-wrap elementor-element-populated\">\n\t\t\t\t\t\t<div class=\"elementor-element elementor-element-ce89846 elementor-invisible elementor-widget elementor-widget-image\" data-id=\"ce89846\" data-element_type=\"widget\" data-e-type=\"widget\" data-settings=\"{&quot;_animation&quot;:&quot;fadeInRight&quot;}\" data-widget_type=\"image.default\">\n\t\t\t\t<div class=\"elementor-widget-container\">\n\t\t\t\t\t\t\t\t\t\t\t\t\t\t\t\t<a href=\"https:\/\/struktura-ing.com\/wp-content\/uploads\/2023\/06\/BatindusFichier-29.png\" data-elementor-open-lightbox=\"yes\" data-elementor-lightbox-title=\"STRUKTURA INGENIERIE - Etude structure b\u00e2timent industriel - stockage agricole\" data-e-action-hash=\"#elementor-action%3Aaction%3Dlightbox%26settings%3DeyJpZCI6ODcyLCJ1cmwiOiJodHRwczpcL1wvc3RydWt0dXJhLWluZy5jb21cL3dwLWNvbnRlbnRcL3VwbG9hZHNcLzIwMjNcLzA2XC9CYXRpbmR1c0ZpY2hpZXItMjkucG5nIn0%3D\">\n\t\t\t\t\t\t\t<img loading=\"lazy\" decoding=\"async\" width=\"1015\" height=\"762\" src=\"https:\/\/struktura-ing.com\/wp-content\/uploads\/2023\/06\/BatindusFichier-29.png\" class=\"elementor-animation-grow attachment-large size-large wp-image-872\" alt=\"STRUKTURA Ing\u00e9rierie - bureau d&#039;\u00e9tude structure b\u00e9ton\" srcset=\"https:\/\/struktura-ing.com\/wp-content\/uploads\/2023\/06\/BatindusFichier-29.png 1015w, https:\/\/struktura-ing.com\/wp-content\/uploads\/2023\/06\/BatindusFichier-29-300x225.png 300w, https:\/\/struktura-ing.com\/wp-content\/uploads\/2023\/06\/BatindusFichier-29-768x577.png 768w\" sizes=\"(max-width: 1015px) 100vw, 1015px\" \/>\t\t\t\t\t\t\t\t<\/a>\n\t\t\t\t\t\t\t\t\t\t\t\t\t\t\t<\/div>\n\t\t\t\t<\/div>\n\t\t\t\t\t<\/div>\n\t\t<\/div>\n\t\t\t\t\t<\/div>\n\t\t<\/section>\n\t\t\t\t<section class=\"elementor-section elementor-inner-section elementor-element elementor-element-2a9c2c79 elementor-section-boxed elementor-section-height-default elementor-section-height-default\" data-id=\"2a9c2c79\" data-element_type=\"section\" data-e-type=\"section\">\n\t\t\t\t\t\t<div class=\"elementor-container elementor-column-gap-default\">\n\t\t\t\t\t<div class=\"elementor-column elementor-col-100 elementor-inner-column elementor-element elementor-element-2909070c\" data-id=\"2909070c\" data-element_type=\"column\" data-e-type=\"column\">\n\t\t\t<div class=\"elementor-widget-wrap elementor-element-populated\">\n\t\t\t\t\t\t<div class=\"elementor-element elementor-element-37b68c6 elementor-widget__width-auto elementor-mobile-align-center animated-slow elementor-align-center elementor-invisible elementor-widget elementor-widget-button\" data-id=\"37b68c6\" data-element_type=\"widget\" data-e-type=\"widget\" data-settings=\"{&quot;_animation&quot;:&quot;fadeInRight&quot;}\" data-widget_type=\"button.default\">\n\t\t\t\t<div class=\"elementor-widget-container\">\n\t\t\t\t\t\t\t\t\t<div class=\"elementor-button-wrapper\">\n\t\t\t\t\t<a class=\"elementor-button elementor-button-link elementor-size-sm\" href=\"https:\/\/struktura-ing.com\/?page_id=395\/#CONTACT\">\n\t\t\t\t\t\t<span class=\"elementor-button-content-wrapper\">\n\t\t\t\t\t\t\t\t\t<span class=\"elementor-button-text\">Nous contacter<\/span>\n\t\t\t\t\t<\/span>\n\t\t\t\t\t<\/a>\n\t\t\t\t<\/div>\n\t\t\t\t\t\t\t\t<\/div>\n\t\t\t\t<\/div>\n\t\t\t\t\t<\/div>\n\t\t<\/div>\n\t\t\t\t\t<\/div>\n\t\t<\/section>\n\t\t\t\t\t<\/div>\n\t\t<\/div>\n\t\t\t\t\t<\/div>\n\t\t<\/section>\n\t\t\t\t<\/div>\n\t\t","protected":false},"excerpt":{"rendered":"<p>\u00c9TUDE STRUCTURE B\u00c2TIMENTS INDUSTRIELS \u00a0 Struktura r\u00e9alise les \u00e9tudes d\u2019infrastructure sur les b\u00e2timents industriels de stockage et d\u2019activit\u00e9. Nous travaillons en partenariat avec des bureaux d\u2019\u00e9tude bois et m\u00e9tal afin de r\u00e9pondre \u00e0 une offre globale. \u00c0 partir de l\u2019implantation des platines de charpente et de la descente de charge, nous r\u00e9alisons le plan de &hellip;<\/p>\n<p class=\"read-more\"> <a class=\"\" href=\"https:\/\/struktura-ing.com\/?page_id=776\"> <span class=\"screen-reader-text\">\u00c9tude structure b\u00e2timents industriels<\/span> Lire la suite\u00a0\u00bb<\/a><\/p>\n","protected":false},"author":1,"featured_media":0,"parent":0,"menu_order":0,"comment_status":"closed","ping_status":"closed","template":"","meta":{"site-sidebar-layout":"no-sidebar","site-content-layout":"page-builder","ast-global-header-display":"","ast-banner-title-visibility":"","ast-main-header-display":"","ast-hfb-above-header-display":"","ast-hfb-below-header-display":"","ast-hfb-mobile-header-display":"","site-post-title":"disabled","ast-breadcrumbs-content":"","ast-featured-img":"disabled","footer-sml-layout":"","theme-transparent-header-meta":"","adv-header-id-meta":"","stick-header-meta":"","header-above-stick-meta":"","header-main-stick-meta":"","header-below-stick-meta":"","footnotes":""},"class_list":["post-776","page","type-page","status-publish","hentry"],"_links":{"self":[{"href":"https:\/\/struktura-ing.com\/index.php?rest_route=\/wp\/v2\/pages\/776","targetHints":{"allow":["GET"]}}],"collection":[{"href":"https:\/\/struktura-ing.com\/index.php?rest_route=\/wp\/v2\/pages"}],"about":[{"href":"https:\/\/struktura-ing.com\/index.php?rest_route=\/wp\/v2\/types\/page"}],"author":[{"embeddable":true,"href":"https:\/\/struktura-ing.com\/index.php?rest_route=\/wp\/v2\/users\/1"}],"replies":[{"embeddable":true,"href":"https:\/\/struktura-ing.com\/index.php?rest_route=%2Fwp%2Fv2%2Fcomments&post=776"}],"version-history":[{"count":19,"href":"https:\/\/struktura-ing.com\/index.php?rest_route=\/wp\/v2\/pages\/776\/revisions"}],"predecessor-version":[{"id":878,"href":"https:\/\/struktura-ing.com\/index.php?rest_route=\/wp\/v2\/pages\/776\/revisions\/878"}],"wp:attachment":[{"href":"https:\/\/struktura-ing.com\/index.php?rest_route=%2Fwp%2Fv2%2Fmedia&parent=776"}],"curies":[{"name":"wp","href":"https:\/\/api.w.org\/{rel}","templated":true}]}}